 b prime?
True
Let r be 9 + -7 - (-3)/(-3)*-3. Suppose 5*f - 25768 = -4*a - 0*f, r*a + 4*f = 32201. Is a prime?
False
Let k be (4/(-5))/((5 + -6)/115). Suppose 2*d - k = 276. Suppose u = 81 + d. Is u prime?
False
Suppose -4*u = 9*b - 4*b + 10355, -4*u + 4*b = 10400. Let d = u + 6538. Is d prime?
True
Let p be (-8)/12 - (-42)/9. Let y be p + -5*(-110 + 1). Suppose 1530 = 5*m - a, -3*m + 4*a + y = -352. Is m a composite number?
False
Suppose -253*z + 7974522 + 22199063 + 1108094 = 0. Is z a composite number?
True
Let b(j) = -6*j**3 - 3*j**2 - 4*j + 24. Let a be b(-10). Let x = a + -2270. Is x a prime number?
False
Let t = 0 + 4. Suppose -4*d = t*x - 8, -d = -2*d - 3*x - 2. Suppose h - d*f - 325 = 0, -3*f = 3*h + 2*f - 1043. Is h prime?
False
Let c = 130 - 130. Suppose -v + 3*l - 1174 = -3*v, c = -4*l. Is v composite?
False
Let j(w) = 3 - 66*w + 4*w**2 + 119*w + 13 - 3 + 71*w. Is j(36) a prime number?
True
Let w = -157143 - -343916. Is w prime?
True
Let b be 0/(3*4/(-6)). Let t = 426 + -424. Suppose n - 1122 = 3*f, -t*n + b*f + 2233 = 5*f. Is n a composite number?
True
Suppose 2*d = 3*g - 1191, -15*g - 4*d = -17*g + 810. Let a = -1885 + 3561. Let f = a - g. Is f a composite number?
False
Suppose 0 = -25*h + 35*h - 67720. Is (7/(-28))/((7/h)/(-7)) composite?
False
Let g be ((-11)/5 + 3)/(2/5). Suppose 5*i - g*h = 1697, -5*h + 850 = 4*i - 534. Is i a composite number?
True
Let q be 38/6 - (-4)/(-12). Suppose -3*i = -q*i + 1641. Let r = -130 + i. Is r prime?
False
Let f(a) = -210*a**3 - 52*a**2 - 228*a + 7. Is f(-5) a composite number?
True
Suppose -33*z + 8112 = -27*z. Suppose -6 = -4*d + 18. Suppose d*u + 206 = z. Is u prime?
True
Let y(g) = 19*g**3 - 5*g**2 - 3*g - 4. Suppose 3*z - 16 = -2*p, 0 = -4*p - 5*z + 28 + 2. Is y(p) a prime number?
False
Is (-25 + 12 - -27145) + 1 prime?
False
Is ((-2)/22)/(636/(-3136775532)) a prime number?
True
Let a(r) = -2*r**2 + r + 8. Let d be a(4). Let p = -17 - d. Suppose 4*i - 194 = p*i. Is i a composite number?
True
Suppose -4*n - 9 = -65. Suppose 25613 = -n*q + 21*q. Is q a composite number?
False
Let i(n) = 68*n**3 + 26*n**2 + 6*n + 19. Is i(7) prime?
True
Suppose 19*w = 14*w. Suppose i = w, -y + 5*i + 978 = -1381. Is y a composite number?
True
Let i(f) = -68*f**3 + 13*f**2 - 7*f - 26. Let q be i(-6). Suppose q = -17*m + 21*m. Is m a prime number?
True
Suppose 16*c + 2*q = 21*c - 1238455, 990764 = 4*c + 2*q. Is c prime?
True
Let g be 3 + -8 + 0/(-2). Is (-6)/(1 - g) + 2318 a prime number?
False
Let c(l) = -l**2 - 5*l - 6. Let a be c(-2). Let m be (-3)/1 + 5 + a. Suppose -5*n + m*v = 6*v - 355, 0 = 4*n - 5*v - 243. Is n a composite number?
False
Suppose -1815740 = -5*t - 5*w - 708040, 14 = 2*w. Is t a prime number?
False
Is ((-60)/360)/(2/4)*-13173 a composite number?
False
Suppose 5*q = 4*f + 92893, 60*f - 56*f = q - 18569. Is q prime?
False
Let s(k) = -2*k + 33. Let a be s(18). Let x = a - -7. Suppose -7*y = -4*y + 2*b - 3991, -x*b = 3*y - 4001. Is y a prime number?
True
Let w(b) = -b**3 + 23*b**2 + 8*b + 18. Suppose 116 + 400 = 6*y. Let i = y + -63. Is w(i) composite?
True
Suppose -22*c + 26*c - 8 = 0. Suppose -2*p = 4*l - 0*l - 5494, c*p - 4*l = 5534. Is p a prime number?
False
Let n(k) = 3*k**3 - 4*k**2 + 11*k - 59. Let x be n(5). Suppose x*u = 263*u + 80776. Is u composite?
True
Let o = 335 + 210. Let g = o + 38616. Suppose 4*x - 3*r = g, -2*x - 3*x - 4*r + 48959 = 0. Is x a prime number?
True
Let i = 5900 + 15545. Is i prime?
False
Let s be 672/196*306145/2. Is (2/10)/(12/s) a composite number?
False
Let h(w) = 4*w**2 + 45*w + 4. Let d(c) = c**2 + 11*c + 1. Let q(t) = -9*d(t) + 2*h(t). Let p be q(-7). Suppose -12761 = -p*g + 6*g. Is g a prime number?
True
Let l(w) = 908*w**3 - 2*w**2 - w + 2. Let a be l(1). Suppose -8*f = -157 - a. Is f a prime number?
False
Suppose -2*f = o - 6, -5*f + 0 = -5. Is (2099/o)/(((-28)/7)/(-16)) a composite number?
False
Let i be (55 - 58) + -2 + 5. Suppose -4*p + 1382 = 2*b, -48*b + 46*b - 6 = i. Is p a prime number?
True
Let k(w) = -w**2 + 100. Let y be k(-10). Suppose y = -4*u + 33614 + 10958. Is u a composite number?
True
Suppose 0 = 4*u - 2210 - 3846. Suppose 4*m - 2082 = u. Is m prime?
False
Suppose 5*w + 458 = 98. Let a be 5/(-25) - w/10. Suppose -a*o - 4*o = -4169. Is o a composite number?
False
Let b be (-2)/(60/(-25) - 4 - -6). Suppose 0 = -b*g + 2*s + 22411, -4496 = -g - 9*s + 14*s. Is g a composite number?
False
Suppose 2*i - 3*c - 10 = 3*i, 2*i - 5*c = -9. Let q(k) = 89*k**2 - 11*k - 17. Is q(i) a composite number?
False
Let h = 0 + 3. Suppose 4*c + 0*c - 2*u - 2940 = 0, -h*u = -12. Let l = c - 486. Is l a prime number?
True
Let a = 28996 + -11339. Is a a prime number?
True
Let f = -410 - -421. Suppose -y - 37910 = -f*y. Is y prime?
False
Let g = 17139 + -7256. Is g composite?
False
Let a(q) = -14452*q - 6647. Is a(-40) a composite number?
False
Let d(q) = -q - 22. Let l be d(-24). Suppose l*g - 3*k = -17, 3*k - 45 = 5*g - 2*k. Is ((-2)/(-4))/(g/(-50060)) prime?
True
Let s be (-3 - 18025/14)*1*-2. Suppose 1624 + s = 5*g. Is g composite?
True
Suppose -174*j + 12365974 = 32*j. Is j a prime number?
True
Let r(n) = 61*n**3 - 3*n**2 + 3*n - 3. Let p = -64 + 66. Is r(p) prime?
True
Suppose -7*f + 12*f - 19 = -2*n, -3*f = -3*n - 3. Suppose n*j + 5*y - 3178 = y, 5*j = 5*y + 7960. Is j composite?
True
Suppose 423 = -s + 28. Suppose -2 = k + 2*z, -4*z + 4 = 5*k - z. Is 1*s/(-20)*8/k prime?
True
Suppose -p - 5*y + 23 = 0, -13 = -2*p + 2*y - 3. Suppose 1 + 0 = 2*a + 5*g, -2*a = -4*g + p. Is (468 - -1) + a + 2 composite?
True
Let r(w) = -w**3 - 16*w**2 - 25*w + 33. Let s be r(-14). Let v(a) = 30*a**2 - a - 68. Is v(s) a prime number?
True
Let b = -42 - -47. Suppose -b*u + 3750 = -0*u. Suppose u = h - 4*p, -h - 3*p = -0*p - 722. Is h a composite number?
True
Suppose -2*a = -h - 8, -4*a + 0*a - 4 = 3*h. Let p(d) = 87*d**3 + 3*d**2 - 2*d + 2. Is p(a) composite?
True
Suppose -15*m + 19*m = -9*n + 3718939, 0 = 5*n + 5. Is m a prime number?
True
Let s be (((-22140)/(-48))/(2/8))/1. Let z = 3505 - s. Let o = z - -27. Is o a prime number?
False
Suppose -723583 = -24*t + 57881. Is t a composite number?
False
Suppose 239772 - 4169346 = -66*u. Is u prime?
True
Let s(c) = 44*c**3 - 10*c**2 - 21*c + 180. Is s(19) a prime number?
True
Let l(s) = -s**2 + 8*s - 2. Let o be l(6). Suppose 16 = 5*p - 19. Suppose o*t - 1338 = p*t. Is t a prime number?
False
Suppose 4*p - 3155780 + 104310 = 2*g, g - 7 = 0. Is p a composite number?
False
Suppose 0 = -7*a - 559 - 330. Let r = a + 137. Is (-1)/(7689/19235 - r/25) a prime number?
True
Suppose 2532*v - 829997 = 2525*v. Is v composite?
False
Let w(u) = 4*u**3 - 112*u**2 - 902*u + 133. Is w(65) composite?
True
Let a be (-149)/7 + (24/(-42))/(-2). Let t = 658 - a. Is t prime?
False
Suppose -508*c + 476*c = -10374176. Is c a composite number?
True
Suppose 5*o + 130 = 18*o. Let z(n) = 178*n**2 + 26*n - 53. Is z(o) composite?
True
Suppose -2*i - 2*i + 4*g + 54020 = 0, -2*i + 26975 = 5*g. Suppose -i = -7*h + 24979. Is h prime?
False
Suppose -10*m + 166393 = 57473. Suppose 6*o - m = 74506. Is o prime?
False
Suppose 4*c - 22 = -4*d - d, 4*c = -4*d + 20. Suppose 6*r = -5*o + 8*r + 11, -o + 2*r - 1 = 0. Suppose -9 = o*m, y + c*m = -m + 137. Is y composite?
False
Suppose 70093 = b - 11*v, 2*b + 31*v - 140336 = 28*v. Is b prime?
False
Suppose -3 = -w + 2. Suppose 56 = w*a + 6. Suppose 7*l - 2838 = -2*t + 11*l, a = -2*l. Is t composite?
False
Is (-1 - 2*46/(-84)) + 570230/42 prime?
True
Suppose 0 = -3*a - 12, 2*o = -4*a + a + 56994. Suppose 12*s = 19101 + o. Is s a prime number?
True
Let u = 1121460 + -652653. Is u prime?
False
Let g(z) = 42*z**2 - 5*z + 4 - 2*z + 24. Is g(5) prime?
False
Let p be 2*6*91 - (1 + 2). Suppose 2*h = -5*y + 2213, -4*y - p = -h - 3*y. Is h composite?
True
Let h(m) = m**3 + 8*m**2 - 9*m + 3. Let y be h(-9). Suppose -24*d + 28*d = 2636. Suppose y*z - d = 2*z. Is z prime?
True
Suppose 1767*t = 1778*t - 3935993 - 6919808. Is t composite?
True
Is (89 - -605207)*(-4)/(-64) a prime number?
True
Let y(u) = -u**3 + u**2 + u + 3. Let o be y(0). Suppose 0*a - 9 = -3*a, o*a - 5082 = -3*l. Is l prime?
False
Let i be (5 + (0 - 2))/1. Let q(w) = 1 - 5*w**2 - 10*w + 25 + 10*w**3 + 6*w - 4*w**i. Is q(5) a prime number?
True
Suppose 4*b = 5*l + 1, 0